ase 4, what is 3 + 3?
12
In base 13, what is -1c + -68?
-87
In base 11, what is -4 + -565?
-569
In base 10, what is 21 + -420?
-399
In base 12, what is 5a5 + -4?
5a1
In base 4, what is -10 - -232?
222
In base 16, what is 1 - -143?
144
In base 6, what is 132 + 41?
213
In base 8, what is 3 - 46?
-43
In base 13, what is 5 + -774?
-76c
In base 8, what is 120 + -2?
116
In base 15, what is 1ac6 + -2?
1ac4
In base 7, what is -2 + -3422?
-3424
In base 4, what is -11 - -2302?
2231
In base 10, what is 12 - -416?
428
In base 11, what is 213 + -1?
212
In base 10, what is 945 + 3?
948
In base 14, what is -2 + -a4?
-a6
In base 13, what is 4c8 - 3?
4c5
In base 6, what is -2300 - -5?
-2251
In base 8, what is -434 - 5?
-441
In base 7, what is -1 - -1511?
1510
In base 8, what is -4 - -2?
-2
In base 14, what is 1 - 5?
-4
In base 13, what is 13 + 3?
16
In base 13, what is 3 + -4aa?
-4a7
In base 8, what is -5 - 421?
-426
In base 4, what is 10 + 1022?
1032
In base 11, what is 1903 - -2?
1905
In base 7, what is -302 + -1?
-303
In base 7, what is -16 + -333?
-352
In base 2, what is 11100101 + 0?
11100101
In base 14, what is -293 + 9?
-288
In base 7, what is 12 + 13?
25
In base 13, what is 73a7 + 2?
73a9
In base 16, what is -1 + 3?
2
In base 16, what is -20 - cc?
-ec
In base 10, what is 22 - -181?
203
In base 7, what is -23 - -2?
-21
In base 10, what is -67 + 14?
-53
In base 12, what is -a - 68?
-76
In base 4, what is -3311 - 13?
-3330
In base 15, what is bb0 - -5?
bb5
In base 13, what is -5 - 8b?
-93
In base 8, what is -3 - 2774?
-2777
In base 3, what is 12020 - 2?
12011
In base 6, what is 2 - -1251?
1253
In base 9, what is -228 + -13?
-242
In base 16, what is -19 + 4a?
31
In base 7, what is 32 + -42?
-10
In base 15, what is 17d - 9?
174
In base 14, what is -86 - -5?
-81
In base 7, what is 26 + -1034?
-1005
In base 3, what is -2120100 - 100?
-2120200
In base 16, what is -10 - -4?
-c
In base 16, what is 1b5 - -5?
1ba
In base 12, what is 4 - -111?
115
In base 11, what is -3 - 1138?
-1140
In base 4, what is 11 - 323?
-312
In base 12, what is 175 + 3?
178
In base 9, what is 4 - -66?
71
In base 16, what is -214 - a?
-21e
In base 16, what is -5 + 1f?
1a
In base 10, what is -5668 + -2?
-5670
In base 12, what is 6 - 37?
-31
In base 9, what is 0 - -685?
685
In base 10, what is 4 + 797?
801
In base 14, what is 2d7 - 1?
2d6
In base 11, what is -6 - 22?
-28
In base 5, what is -24 + 3122?
3043
In base 9, what is 2554 - -4?
2558
In base 8, what is 3126 - -3?
3131
In base 13, what is c2 + 1?
c3
In base 5, what is 314 + 0?
314
In base 3, what is 1 + 2122211?
2122212
In base 12, what is 80b + 0?
80b
In base 15, what is 1502 + 3?
1505
In base 15, what is -94 - -8?
-8b
In base 9, what is -242 + -2?
-244
In base 11, what is -4 + 277?
273
In base 4, what is -3 + -221?
-230
In base 13, what is -23 + -97?
-ba
In base 12, what is -9 - 46?
-53
In base 2, what is -11 - -100?
1
In base 4, what is -130103 - 10?
-130113
In base 12, what is -1 - -19?
18
In base 3, what is 10 + -111012?
-111002
In base 15, what is 272 + 3?
275
In base 9, what is -1 - 825?
-826
In base 3, what is -1111202 - -12?
-1111120
In base 6, what is 4 + 2252?
2300
In base 7, what is 6 + 130?
136
In base 15, what is -b - -47?
3b
In base 9, what is -5 + 124?
118
In base 10, what is 1573 - -1?
1574
In base 13, what is 1 - -9?
a
In base 11, what is -20a - 30?
-23a
In base 11, what is -243 - 2?
-245
In base 5, what is 33 + 112?
200
In base 16, what is -ac9 - 1?
-aca
In base 5, what is 33 + 31?
114
In base 7, what is 402 + 0?
402
In base 2, what is 100111 - -101100?
1010011
In base 3, what is 111 + -220?
-102
In base 9, what is 3 + 2436?
2440
In base 7, what is 645 - 5?
640
In base 8, what is 5 + -1064?
-1057
In base 8, what is 16714 + -3?
16711
In base 5, what is -1 + -304?
-310
In base 13, what is 389c + 4?
38a3
In base 5, what is -23 - -1?
-22
In base 4, what is 1 - -3111?
3112
In base 5, what is -4443 + 10?
-4433
In base 3, what is -11 + -12221211?
-12221222
In base 12, what is 4 + 252?
256
In base 4, what is 13 + 1223?
1302
In base 5, what is -1122 + 42?
-1030
In base 11, what is -50 + 0?
-50
In base 3, what is -11 + 1220?
1202
In base 14, what is -187 - 2?
-189
In base 16, what is 5 - -37?
3c
In base 2, what is -110101 + 10100110?
1110001
In base 11, what is -3 + -103?
-106
In base 15, what is 77 + 1?
78
In base 11, what is -6 + 2a?
24
In base 15, what is 80 - 6?
79
In base 6, what is -124 - -4?
-120
In base 4, what is 233 - -3?
302
In base 6, what is -124254 - 3?
-124301
In base 2, what is 0 - 11110?
-11110
In base 4, what is -122 + 32?
-30
In base 5, what is 1213 + 3?
1221
In base 13, what is -174 + -4?
-178
In base 12, what is 33b4 + -4?
33b0
In base 9, what is 5 + -43?
-37
In base 12, what is -3 + 96?
93
In base 2, what is 11 - 100010?
-11111
In base 8, what is -5 - 665?
-672
In base 15, what is -a101 - -4?
-a0ec
In base 5, what is -21413 - -4?
-21404
In base 6, what is 3 + -24044?
-24041
In base 4, what is -10 + 313?
303
In base 3, what is -21020 + 11?
-21002
In base 8, what is -7 - -7723?
7714
In base 2, what is -1000000110011 - -11?
-1000000110000
In base 8, what is 37171 - 5?
37164
In base 3, what is -120010 + 2?
-120001
In base 11, what is 5 - -351?
356
In base 10, what is 0 + 252?
252
In base 11, what is -2 + -668?
-66a
In base 11, what is -87 - 2?
-89
In base 5, what is 2 - 23024?
-23022
In base 7, what is 1113 - 4?
1106
In base 13, what is 5 - 1a5?
-1a0
In base 16, what is -79 - 5?
-7e
In base 6, what is -2 - -1144?
1142
In base 5, what is -11 - -11?
0
In base 13, what is 0 + 53?
53
In base 11, what is 6 + 195?
1a0
In base 6, what is -2 + 2053?
2051
In base 3, what is 12 + 2220?
10002
In base 6, what is -110 + 531?
421
In base 10, what is 1 - 3?
-2
In base 13, what is 4 + 11?
15
In base 10, what is -24 - -134?
110
In base 6, what is -3330 - -4?
-3322
In base 5, what is -3 - -43223?
43220
In base 2, what is -101000110 + 11?
-101000011
In base 3, what is 2 - 111022?
-111020
In base 7, what is -15156 + -3?
-15162
In base 3, what is 1 - 2211?
-2210
In base 2, what is -11 - 1000000011010?
-1000000011101
In base 7, what is 61 - -603?
664
In base 16, what is -f - 28?
-37
In base 15, what is -1235 - -4?
-1231
In base 3, what is 20 - 11?
2
In base 12, what is 2 - -74?
76
In base 11, what is 3339 - -1?
333a
In base 4, what is -3 + -302?
-311
In base 8, what is 166 - -4?
172
In base 15, what is 2 + 2e2?
2e4
In base 13, what is 2 - -39c?
3a1
In base 12, what is -8 - 3b?
-47
In base 13, what is 41b - 0?
41b
In base 3, what is -120000 + 1211?
-111012
In base 8, what is -5645 + -1?
-5646
In base 15, what is 17 + 5?
1c
In base 2, what is -10111101 - 101?
-11000010
In base 8, what is 3 + -327?
-324
In base 11, what is -5 - -40?
36
In base 15, what is -a00 + 0?
-a00
In base 10, what is -4 - -1422?
1418
In base 6, what is -3 + -14403?
-14410
In base 12, what is -491 + 2?
-48b
In base 4, what is 11 + -122?
-111
In base 16, what is -3 + b6?
b3
In base 12, what is -2270 + 3?
-2269
In base 16, what is b - 255?
-24a
In base 9, what is -3574 + 1?
-3573
In base 9, what is 3 - 336?
-333
In base 11, what is 0 - -11?
11
In base 2, what is 10 + 1110010101?
1110010111
In base 4, what is -112 - 11?
-123
In base 9, what is -1 - -112?
111
In base 13, what is -4 - -277?
273
In base 6, what is -2 - -100?
54
In base 8, what is 5001 + -4?
4775
In base 7, what is 3 - 311?
-305
In base 14, what is -2 - -101?
dd
In base 4, what is -11 + -11030?
-11101
In base 12, what is -3 + 41a?
417
In base 7, what is 1 + -12631?
-12630
In base 7, what is -43 + 51?
5
In base 13, what is -1b8 + -5?
-1c0
In base 12, what is 5330 - -4?
5334
In base 3, what is -1 + 12002?
12001
In base 3, what is -10210 + 212?
-2221
In base 15, what is 3 + -a8?
-a5
In base 8, what is 3 + 4444?
4447
In base 7, what is -33 + -545?
-611
In base 8, what is 3 + -2124?
-2121
In base 5, what is 4 + -1202?
-1143
In base 2, what is -10011011111 - 10?
-10011100001
In base 10, what is 3 - -1?
4
In base 9, what is -27 - -36?
8
In base 7, what is -5 - 55?
-63
In base 12, what is -a - 3?
-11
In base 5, what is -34 - -1?
-33
In base 11, what is 2106 - 9?
20a8
In base 3, what is 1021222001 - -11?
1021222012
In base 5, what is 3144 - 4?
3140
In base 6, what is -2 + 40?
34
In base 16, what is 27 + 4?
